-2*o(i) + y(i). Calculate r(q).
8
Let m(r) = -7*r**2 - 5*r + 4. Let k = 26 - 56. Let z be 282/k + (-4)/(-10). Let p(s) = 3*s**2 + 2*s - 2. Let t(j) = z*p(j) - 4*m(j). Determine t(-2).
2
Let k(y) = -y**2 - y. Let a(j) = -j - 5. Let u be a(-4). Let l(c) be the third derivative of -c**4/6 + c**3/3 + c**2. Let d(x) = u*k(x) + l(x). Give d(3).
2
Let h(o) = -16*o**2 + 19*o - 5. Let k(x) = -3*x**2 + 4*x - 1. Let l(d) = 2*h(d) - 11*k(d). Suppose p = 5 - 2. Determine l(p).
-8
Let q(v) = 4*v - 2*v - v. Let y(s) = -s**2 + 4*s. Let c be y(2). What is q(c)?
4
Let t(d) = 7*d - 2. Let x(w) = 8*w - 3. Let k(c) = -7*t(c) + 6*x(c). Let a = -10 + 1. Let m = a - -5. What is k(m)?
0
Let g(j) = 7*j + 1 - 13*j + j**2 + 4. What is g(6)?
5
Let p(o) = 3*o**2 - 5*o**2 + 0*o**2 + o**2 - 3*o. Give p(-4).
-4
Let u(g) be the third derivative of g**4/8 - 2*g**3/3 + 3*g**2. Let p be u(3). Let x(b) be the second derivative of -b**3/2 + 7*b**2/2 + b. Calculate x(p).
-8
Let s = 56 - 39. Suppose 5*p - x = 10, 3*x + s = 2*p - 0*x. Let z(g) = -g**2 + g. Let h(d) = -11*d**2 + 6*d - 1. Let t(u) = h(u) - 6*z(u). Calculate t(p).
-6
Let d(y) = 15*y + 19. Let k(h) = 7*h + 9. Let z(m) = -4*d(m) + 9*k(m). Determine z(-6).
-13
Let g = -7 - -7. Let n(v) = -3*v + g*v - 1 - 2 - 2. Let d = 7 - 11. Calculate n(d).
7
Let o(n) be the second derivative of -n**4/12 + 7*n**3/6 + 3*n**2 + 5*n. Calculate o(5).
16
Suppose 5*f - b - 12 = 0, -b + 4 = 6*f - 3*f. Let u(x) = -4*x + 3. Let a(y) = 9*y - 7. Let z(j) = 6*a(j) + 15*u(j). Calculate z(f).
-9
Let p be ((-12)/(-11))/6 + (-192)/(-33). Let i(l) = l**3 - 7*l**2 + 5*l + 2. Determine i(p).
-4
Let r(q) = -q**3 - 11*q**2 - 8*q + 21. Let w be r(-10). Let x(f) = 0*f**3 - 2*f**2 - f**3 + 7*f**3 + f. Calculate x(w).
5
Let c = 6 - 1. Suppose a - c + 3 = 0. Let f(h) = -7*h + 3. Determine f(a).
-11
Let c(n) = -n**3 - 6*n**2 - 5*n - 4. Let w(r) = -r + 5. Let h(k) = -k + 5. Let o(v) = 3*h(v) - 2*w(v). Let f be o(10). What is c(f)?
-4
Let i(g) = -23*g. Let q = 11 + -10. What is i(q)?
-23
Let p(l) = -6*l**2 + 1. Let f(d) = -d**2 - d - 4. Let t = 6 - 6. Let q be f(t). Let v be (-1)/2 + 2/q. Determine p(v).
-5
Let p(y) = 3*y**2 - 7*y + 5. Let z be 2/4 + (-13)/(-2). Let m(j) = -2 - 1 - z - 5*j**2 + 13*j. Let f(i) = -4*m(i) - 7*p(i). Determine f(-4).
1
Let p(s) = -s + 6. Suppose 4*b = 9*b. What is p(b)?
6
Let w(l) = -l**3 - 4*l**2 - 3*l. Let u(p) be the third derivative of p**4/12 + p**3/2 + 6*p**2. Let x be u(-3). Determine w(x).
0
Let o be (1 + 1)/(1/(-3)). Let p = 11 + o. Let g be -5 + -1 + p + -1. Let r(q) = 3*q**2 + 4*q + 3. Determine r(g).
7
Let n(k) = -k - 1. Let s be n(-3). Let g(y) = y**2 + y - s*y**2 + 5*y. Calculate g(5).
5
Let m be 0/(-1)*((-25)/10 + 2). Let s(f) = -f**2 + f - 8. What is s(m)?
-8
Let s be (-6)/(-14) + 33/21. Let b(u) = u + u + 6 + 2*u - s. What is b(-4)?
-12
Let b(s) = -23*s + 5*s + 13*s + 1 + 6*s. Give b(-6).
-5
Let c(u) = -u**3 - 3*u**2 - 2*u - 1. Suppose -7*x + 5*x - 4 = 0. What is c(x)?
-1
Let l(z) = z**2 - 7*z + 6. Suppose -8 = -5*n + 2. Suppose 0 = n*t - 0*t + 28. Let k be 4/(-14) - 88/t. What is l(k)?
0
Let r(a) be the first derivative of -a**6/180 + a**5/120 + a**4/12 + a**3 + 2. Let q(p) be the third derivative of r(p). Determine q(-2).
-8
Let u(w) be the first derivative of -6*w + w**2 + 5*w + 1 + 1. Give u(-2).
-5
Suppose p = -p + 24. Suppose 5*i = 7*i - 10. Suppose -p*t - i = -7*t. Let j(d) = -d - 2. Determine j(t).
-1
Suppose -35 = 5*q + 2*g + 2*g, -4*g + 64 = -4*q. Let a(k) = -k - 13. What is a(q)?
-2
Let w(f) be the second derivative of -1/6*f**3 + 0 - 1/12*f**4 + 4*f - 1/2*f**2 - 9/20*f**5. Determine w(-1).
8
Suppose 0 = -o - 2*o + 48. Let a = -20 + o. Let b(j) = -j**2 - 7*j - 6. What is b(a)?
6
Let x be 12*(2 - (2 - 2)). Suppose 4*p = -5*i + x, -2*i + 4 + 1 = -3*p. Suppose -i*b - 3*v = -28, b + 2*v = -b + 16. Let c(t) = -t + 3. Determine c(b).
-1
Let b(z) = -z**3 - z**2 + 2*z + 1. Let u = 5 + -6. What is b(u)?
-1
Let a = 6 - 2. Suppose -i = -2*f + 8, -4*i + f = -2*i + 1. Let r be 2/a - i/4. Let m(h) = h**2 - h - 1. What is m(r)?
-1
Let t be 24/9 + (-6)/9. Suppose 2*s - t = s. Suppose 0 = -c - s*c + 12. Let n(v) = -v**3 + 4*v**2 - 2*v + 4. Calculate n(c).
-4
Let q(h) be the first derivative of h**2/2 - h + 52. Give q(1).
0
Let m be 3 + (-1)/((6/(-3))/(-16)). Let t(w) be the first derivative of 1/2*w**2 + 4*w + 2. What is t(m)?
-1
Let q be 3 + 0 + 9/3. Let z(p) = -13 - 3 - p + q. Determine z(-7).
-3
Let f(a) = a + 5 - a + a - 5*a**2. Let k(o) = -9*o**2 + o + 10. Let s be 1/(3 - 66/21). Let i(j) = s*f(j) + 4*k(j). What is i(-5)?
-5
Let g be 1/(-3) + (-238)/42. Let j(h) = -h**2 - 1. Let r(y) = -5*y**2 - 6*y + 3. Let k(c) = -4*j(c) + r(c). Give k(g).
7
Let w = 4 + -4. Suppose -3*l = -8*l. Let z(y) = -y + w - 2 + l*y. Determine z(-1).
-1
Let v be (9/3)/3 - 2. Let b(k) = -7*k**2 - 2*k - 1. Determine b(v).
-6
Suppose 15 = -3*b - 2*b. Let l(h) = 7*h + 12. Let f(a) = -a - 1. Let k(j) = -6*f(j) - l(j). What is k(b)?
-3
Let c(x) = x**3 + x**2 - x. Let d be c(1). Suppose 2*y - d = -13. Let j(u) = -u**3 - 5*u**2 + 4*u - 4. Determine j(y).
8
Let a(m) = 6*m**3 - 5*m**2 - m. Let f(c) = c**3 - c**2. Let u(b) = -a(b) + 5*f(b). Determine u(-2).
6
Let c be 3/(-6) + 22/4. Suppose 0*o = c*o. Let z(g) = -g**3 - 3 + 54*g**2 - 54*g**2. Give z(o).
-3
Let h(o) = -o**3 + 15*o**2 + 2*o - 34. Let j be h(15). Let a(l) = 2*l**2 - 5. Give a(j).
27
Let c(r) be the first derivative of r**4/8 + r**3/2 + 3*r**2 + 5. Let k(s) be the second derivative of c(s). Calculate k(-2).
-3
Let n(u) = -5*u. Suppose -2*q + 3*a = -27, 4*q - 2*a + 0 - 42 = 0. Let k(t) = 2*t - 11. Let v be k(q). Let w(j) = -j + 6. Let b be w(v). Determine n(b).
5
Let h = 1 - 2. Let t(z) = -2*z**2 - 120 - z - 120 + 239. Determine t(h).
-2
Let p(g) be the third derivative of g**5/60 + 7*g**4/24 + g**3/6 + 11*g**2. Determine p(-7).
1
Suppose -2*p = 2*b + p + 15, 5*b - 5*p = 0. Let f(i) = -9*i**2 - 9*i - 1. Let q(l) = 16*l**2 + 16*l + 1. Let x(s) = -7*f(s) - 4*q(s). What is x(b)?
-3
Let f be (1 - (-6)/4)*4/15. Let m(h) be the first derivative of 2*h - 1/2*h**2 + 2 - f*h**3. What is m(-2)?
-4
Let j(t) be the third derivative of t**6/120 + t**5/12 - t**3/2 + 3*t**2. Calculate j(-5).
-3
Suppose -y - 6 + 0 = 0. Let k(v) = 7*v - 1. Let f be k(1). Let n(j) = 0*j - j**3 - 3*j**2 + 2*j + f*j + 9 - 2*j**2. What is n(y)?
-3
Let m(u) = u**3 + 15*u**2 - u - 18. Let n be m(-15). Let r(a) = -a**3 - 4*a**2 - 3*a - 4. Calculate r(n).
-4
Suppose 0*s = s. Let k(d) = 3*d**3 + 2*d**3 - 4*d**3 - 5*d + s*d**3 - 3*d**2. Calculate k(4).
-4
Let a(t) = t - 1. Let p = -78 + 70. Give a(p).
-9
Suppose 55 = 5*x - 20. Let p(d) = 8 + 0*d + 5*d**2 + 8 - x + d. What is p(-1)?
5
Suppose -2*q + 5 = 3*o, 3*q + 25 = o + o. Let n(i) = 4*i - 4. Let d(x) = x - 1. Let m(f) = 3*d(f) - n(f). Give m(o).
-4
Let a(i) be the second derivative of -5*i**4/24 + i**3/3 + i**2/2 + i. Let d(q) be the first derivative of a(q). What is d(2)?
-8
Let k(d) = 7*d**2 - 12*d - 7. Let z(w) be the second derivative of w + w**3 - 1/3*w**4 + 2*w**2 + 0. Let f(i) = 3*k(i) + 5*z(i). Give f(5).
-6
Let z(i) = 7*i**3 + 15*i**2 - 5*i - 13. Let y(o) = -4 + 3*o - 5*o - 2 + 3*o**3 + 7*o**2. Let d(g) = 5*y(g) - 2*z(g). Suppose -t = 2*t + 15. Calculate d(t).
-4
Suppose 1 = 3*x - 5. Suppose -10 = -2*g + 4*u - 22, 5*u = -x*g + 15. Let z(v) = 8 - v**3 + 0*v**3 + 2*v - 3*v. Give z(g).
8
Let c(l) = 3*l**3 - 3*l**2 + 5*l. Let v(i) = 2*i**3 - 2*i**2 + 3*i. Let w(a) = -5*c(a) + 8*v(a). Calculate w(0).
0
Let a(n) = -n**2 - 8*n - 3. Suppose -6*m - 20 = 22. Calculate a(m).
4
Let p(w) = w**3 - 5*w**2 - 2*w + 0*w - 25 + 19. Determine p(5).
-16
Let p(g) be the second derivative of -g**4/12 + g**3 + 3*g**2 + 2*g. Let h(n) = -2*n**2 + 6*n + 6. Let u(v) = -2*h(v) + 3*p(v). Determine u(-5).
1
Let m(y) = 5*y**3 + 7*y**2 - 7*y. Let p(h) = 14*h**3 + 20*h**2 - 22*h. Let t(r) = -11*m(r) + 4*p(r). Give t(-5).
5
Let g be 40/6 + 4/(-6). Let w = 8 - g. Let m(h) be the first derivative of h**3 - 3*h**2/2 + 1. Give m(w).
6
Let n be -6*((-8)/(-6) + -2). Let m(o) = -3*o**2 + n + o - 3*o**3 - 4 + 4*o**3. What is m(3)?
3
Let b(s) = 12 + 6*s - 4*s + s - 2*s. Let p be b(-10). Let i(r) = 4*r - 3. Give i(p).
5
Let b(u) = -u - 1. Let a be b(-1). Suppose a = 3*y - 6 - 3. Suppose y + 7 = 5*z. Let d(k) = -2*k - 